e -1063*h + 24 = -1057*h. Suppose 23*v - 39 = 20*v - 2*n, -h*n = 3*v - 33. Suppose 4*i = -i + 150. Calculate the highest common factor of v and i.
15
Let u(r) = r**3 - 6*r**2 + 4*r + 6. Let g be u(5). Let x be (g/(-1))/2 - (-965)/(-10). Let q = x - -140. What is the highest common divisor of q and 172?
43
Suppose -x + 3 = 3*r - 34, -3*r + x + 47 = 0. Suppose -3*k + 5*k - r = -j, 5*j + 2 = 2*k. Calculate the greatest common divisor of 288 and k.
6
Let t = -89 - -292. Suppose -3*h + 33 = 3. Let o = 39 - h. Calculate the highest common factor of t and o.
29
Suppose -599*v + 592*v = -21. Suppose -5*p + v*d = -798, -5*p + 10*p = 4*d + 794. Calculate the highest common divisor of p and 378.
54
Let q be (1/2)/(2/316)*(-570)/(-114). What is the highest common factor of 1343 and q?
79
Let p(c) = 14 + c**3 - 5*c**3 + 4*c**3 - 5*c**2 + c**3 - 9*c. Let k be p(6). Let u be 2*3/k*-2 + -1. Calculate the greatest common divisor of u and 8.
2
Let y(w) = 5*w**2 + 15*w + 1. Suppose -22*d - 175 + 43 = 0. Let b be y(d). Calculate the highest common factor of b and 13.
13
Let s(g) = 60*g**2 + 33*g + 126. Let i be s(-4). What is the highest common factor of i and 424?
106
Suppose 27 = -4*d - 2*f - f, 2*f - 4 = d. Let p be -14*(-4 + (d - -6)). Calculate the highest common factor of 8 and p.
8
Suppose -25*f - 1790 + 2690 = 0. Let l(m) = 4*m**2 + 7*m - 3. Let v be l(5). Calculate the highest common factor of v and f.
12
Suppose 5 = b - 4*r + 10, 3*b + 3*r = 15. Let k be 34 - (2 + 2/(-1) + b). Let w be (-1)/(3/(-9)) - -7*k. What is the greatest common divisor of w and 44?
44
Let m = -55 + 48. Let s(w) = 9*w**2 - 3*w - 7. Let k be s(m). Suppose 3*x = k - 110. What is the highest common divisor of 23 and x?
23
Let q be 18/(-39) - (-5 - (-184605)/(-39)). What is the greatest common divisor of 412 and q?
206
Let o be 20/100 - (-62229)/5. What is the greatest common factor of o and 508?
254
Let s = -138 + 135. Let o(l) = -3*l**3 - 3*l**2 - 8. Let d be o(s). Let n be 2/(-5) + (-1041)/(-15). Calculate the highest common factor of d and n.
23
Suppose 6*u + 8*u = 56. Suppose -u*b - 5*d + 41 = -266, -2*d - 80 = -b. Calculate the greatest common divisor of b and 663.
39
Let z be (-1)/(-3) + 7/(-21). Suppose z*c - 3*c + 21 = 0. Suppose 0 = -5*q - k + 104, 3*q = -317*k + 312*k + 58. What is the greatest common factor of c and q?
7
Let g(s) = 2*s**3 + 24*s**2 + 24*s + 27. Let a be g(-11). Let p be (-10045)/(-7) + (-3 + a - -3). Calculate the greatest common factor of p and 72.
72
Let c(p) = 229*p + 3454. Let a be c(6). Calculate the greatest common divisor of a and 68.
68
Suppose -4*r - 22 = -j, 0 = -2*j - 2*j - 2*r + 16. Suppose -s + 4*h = 3, j*s = 7*s - 3*h. What is the highest common factor of s and 243?
9
Let r be 2/4*(42 + -29 + 2887). Calculate the highest common divisor of r and 58.
58
Let i = -10591 + 11351. Calculate the greatest common divisor of 1748 and i.
76
Let r(g) = g**3 + g**2 + g + 92. Let b be r(0). Suppose -21*i + 4641 + 1709 = 1520. What is the greatest common divisor of b and i?
46
Let f = 70 - 18. Let k(y) = f*y + 1 - 2 + 2 + 1. Let i be k(1). What is the highest common divisor of i and 36?
18
Let k be 135/25 + -5 + (-1196)/(-10). Let o(g) = -4*g + 4. Let u be o(-9). What is the greatest common divisor of u and k?
40
Let w(l) = 74*l**2 + 6*l + 12. Let q be w(8). Let f be 1/(2 + q/(-2400)) - 5. What is the greatest common divisor of f and 170?
85
Suppose 4*i + 3876 = 2*g, -g + 5*i + 19*i = -2070. Calculate the greatest common divisor of 1498 and g.
214
Suppose 3*s - 31 = -q, 32 = q - 0*q + 4*s. Suppose -14*v = -18*v + q. Calculate the greatest common divisor of 1 and v.
1
Suppose 2*a = 2*m + 10, -4*a + 2*m + 5 = -27. What is the greatest common factor of 16258 and a?
11
Let d(l) = 6*l**2 + 41*l - 4. Let w be d(-7). Suppose 4*p + j - 38 = -p, -w*p - 3*j = -30. Calculate the highest common divisor of p and 175.
7
Let a = 4486 + -4419. What is the greatest common factor of a and 1?
1
Suppose 2*f + g - 252 = 0, 3*f + 100 = 3*g + 496. Let o = f - 127. Calculate the greatest common factor of 7 and o.
1
Let f(k) = 3405*k**2 - 85*k + 84. Let a be f(1). What is the greatest common factor of 23 and a?
23
Let c be 6/(-10) + (-1001788)/(-230). Suppose 3480 = 4*w + 4*m, 5*w = -10*m + 6*m + c. What is the greatest common factor of 35 and w?
35
Let i = -11 + 19. Suppose -2*c - c = -40*c - 74. Let l be 0/1 + i + 8/c. Calculate the highest common divisor of l and 14.
2
Let v(d) = 6*d**2 + 179*d - 180. Let c be v(-42). What is the highest common divisor of 208 and c?
26
Let j be (-24)/(-4) + (14 - 43). Let r(l) = l**3 + 18*l**2 - 115*l + 27. Let g be r(j). What is the highest common divisor of g and 180?
9
Let p(c) = -15*c + 696. Let k be p(46). Calculate the greatest common factor of k and 777.
3
Suppose 26 = -2*m - 513 + 205. Let p be -110 + (-3)/3*1. Let n = p - m. What is the greatest common factor of n and 8?
8
Let u = -267 - 140. Let n = u + 569. What is the greatest common divisor of n and 108?
54
Let t(u) = -254*u - 428. Let q be t(-2). What is the greatest common factor of q and 250?
10
Suppose 0 = 11626*y - 11605*y - 567. What is the greatest common divisor of 711 and y?
9
Let k(p) = -p + 330. Let o be k(14). Calculate the highest common divisor of 8 and o.
4
Let b(w) = 6*w**2 + 30*w + 4. Let t be b(-5). Suppose -z = -k + 157, t*k - 653 = -5*z + 4*z. What is the greatest common factor of 108 and k?
54
Suppose -4*t + 36 = -7*x + 5*x, 2*t - 5*x - 2 = 0. Let s(n) = n**2 + 16*n + 53. Let p be s(t). What is the highest common factor of 50 and p?
50
Suppose 0 = 137*p - 143*p. Suppose 3*o - 294 - 114 = p. What is the greatest common divisor of o and 68?
68
Let q be (-10)/13*(-10263 + -436). Calculate the highest common factor of 10 and q.
10
Let g be 141/(-11) + (-4)/22. Let j(o) = o + 31. Let r be j(g). Let s = 30 + r. Calculate the highest common divisor of s and 120.
24
Let k(a) = -2*a**2 - 27*a - 13. Let j be k(-13). Suppose r - 4*d - 18 = j, r + 4*d + 6 = 16. Calculate the highest common divisor of r and 63.
7
Suppose 0 = 2*p + 8, 3*p + p = 3*n - 22. Let v be (8/(-24))/(n/28)*-3. Let q be v + (0 - 1) - (3 + 0). What is the greatest common divisor of q and 110?
10
Let n = -178 - -373. Suppose 46*j - n = 45*j. Let b be (-2 - -14)*(-39)/(-12). Calculate the highest common divisor of b and j.
39
Suppose 2*o + 3*x = x - 46, 4*o - 2*x = -62. Let p be (-39)/(-9) - o/27. What is the highest common divisor of 2 and p?
1
Let j(s) = 887*s + 1321. Let y be j(11). What is the greatest common divisor of y and 116?
58
Let r = 429 - 413. Let h be 1408/20 + r/(-40). Calculate the highest common factor of h and 14.
14
Let j(w) = 1352*w + 13. Let n be j(2). Suppose -11*p + 0*p + n = 0. What is the greatest common factor of p and 19?
19
Suppose -172*f = -650 - 726. What is the greatest common divisor of f and 2518?
2
Suppose -3*b + 0*b = r - 81, -4*r + 308 = 4*b. Let z = r - 45. Suppose -4*a + 28 = 4*x, -2*a - 2*a = 2*x - z. What is the greatest common factor of a and 24?
8
Let q be (120/(-210))/(1/(-42)). Let r = 17 + -30. Let x = r + 25. What is the highest common factor of x and q?
12
Let j = -16 + 30. Suppose j + 1 = 3*o. Suppose 4*m = -2*s - 10, -5*s + 9*m + 30 = 8*m. What is the highest common divisor of s and o?
5
Suppose 0 = 2*r + 4*k - 20, 50 = 5*r - 0*k + 4*k. Suppose -7*b + w = -11*b + 199, 5*b - 2*w = 252. What is the greatest common factor of b and r?
10
Let t(u) = -13*u**2 + 44*u. Let s be t(2). What is the highest common factor of 468 and s?
36
Let r be (-8052408)/(-5096) + 1/(-7). Calculate the highest common factor of r and 2291.
79
Let w(u) = -9*u**2 + 409*u + 61. Let x be w(45). Calculate the highest common divisor of x and 6507.
241
Let y(x) = -9*x + 15. Let g be y(2). Let a(o) = 4*o + 18. Let v be a(g). What is the greatest common divisor of v and 162?
6
Let s(n) be the first derivative of -n**3/3 + 51*n**2/2 + 38*n + 33. Let p be s(22). Calculate the highest common divisor of p and 52.
52
Let r(z) = -6*z + 15. Let q be r(39). Let b be -2*q/22 - 4/(-44). Calculate the greatest common divisor of 340 and b.
20
Suppose 2*g = -5*y + 545, -11*g + 8*g - y = -811. Let b = 284 - g. Let s be 11 - -2*(-6)/(-4). Calculate the highest common divisor of s and b.
14
Suppose -8*z 